11 = 0. Suppose -x + 67 = 4*x - 4*b, 3*x = w*b + 39. Calculate the greatest common divisor of 88 and x.
11
Let g = 64 + -44. Suppose j - g - 25 = 0. Let x = 9 + -4. Calculate the highest common factor of x and j.
5
Suppose 16*s - 13*s - 2*v = 78, -9 = 3*v. What is the greatest common divisor of 40 and s?
8
Let k be -3*3*(2 + -18). Suppose 5*m = 2*q - 3*q + k, 3*m + 5*q - 82 = 0. Calculate the greatest common divisor of 261 and m.
29
Let h be (-42)/(-4) - 1/2. Let s be 1 + 91 + (10 - 12). Calculate the greatest common divisor of s and h.
10
Suppose 2*g - 4*g = 6, 4*p = -g + 285. Calculate the greatest common factor of 9 and p.
9
Let n = 2 - -15. Suppose -3*c + 0*c + 4*w + n = 0, 4*c = -2*w + 30. What is the highest common factor of c and 14?
7
Let a(m) = -10*m - 36. Let y be a(-8). What is the highest common divisor of y and 22?
22
Let d(f) = 19*f**2 - 3*f - 2. Let a be d(-2). What is the greatest common factor of 32 and a?
16
Suppose r - z = 85, 0 = 3*r - 2*z + 79 - 329. Let j be (-2)/((10/(-16))/5). What is the greatest common factor of j and r?
16
Suppose -3*i + 78 = 18. Let j(l) = 7*l**2 + 4*l - 1. Let b be j(-3). Calculate the greatest common divisor of i and b.
10
Suppose -2*f + 1056 = 9*f. Calculate the greatest common factor of 240 and f.
48
Suppose 3*y - 249 = 2*r - 5*r, 3*r - 4*y - 235 = 0. Calculate the greatest common factor of r and 9.
9
Suppose f + 12 = -4*i, 0 = -5*f + 3*i + 16 + 16. Suppose 107 = 3*x + f*o, 0*x - 2*x - o = -68. Calculate the greatest common divisor of x and 22.
11
Let t be (-141)/(-2) - 2/4. What is the greatest common divisor of 14 and t?
14
Let q = 6 - 6. Let f(x) = -x + 6. Let h be f(q). What is the highest common factor of 4 and h?
2
Suppose -c - 7*z = -2*z - 18, -c + 17 = 4*z. What is the highest common divisor of c and 247?
13
Let d be 1*10*(-51)/(-6). Let m(w) = w**2 - 7*w + 9. Let z be m(6). Suppose -z*o = 2*o - 170. What is the highest common factor of o and d?
17
Suppose -t - 29 = 15. Let r = t + 68. What is the highest common divisor of 96 and r?
24
Let q = -2 + 2. Suppose 3*k - 19 = 5*y + 8, q = -3*k - 2*y + 6. Suppose -c = z - 6, -z = c + c - k. What is the highest common divisor of z and 1?
1
Let c be (1/(-2))/((-9)/450). What is the highest common divisor of 5 and c?
5
Suppose w - 4*d - 179 = 0, -376 = -2*w + d - 2*d. What is the greatest common factor of 17 and w?
17
Let y = 19 - 11. Calculate the greatest common factor of y and 72.
8
Let x = -31 + 46. Suppose 0 = 5*s + 5*k + x, -5*s + 6 + 9 = -k. Calculate the greatest common divisor of s and 1.
1
Let s(o) = o + 9. Let q(w) = -w**3 + 7*w**2 + 9*w - 8. Let i be q(8). Suppose -2*k - 13 - 3 = i. Let j be s(k). What is the highest common factor of j and 4?
1
Let b be 9/4 + 2/(-8). Let x = -1 - b. Let z be 33 - -1*x/3. What is the highest common divisor of z and 16?
16
Let b = 24 + -21. Calculate the highest common divisor of 24 and b.
3
Let c = 19 - 10. Let g(y) = -y**3 - 6*y**2 + 12*y + 4. Let i be g(-8). What is the highest common factor of c and i?
9
Let a(m) = m**2 - 4. Suppose -3*y + 15 = -8*y. Let z be a(y). What is the greatest common factor of z and 2?
1
Let n(k) = 5*k**2 - 3*k + 2. Let s = -8 + 10. Let f be n(s). Calculate the highest common divisor of f and 96.
16
Let d = 415 + -207. Suppose -3*s + s = -d. What is the highest common factor of s and 13?
13
Let k(n) = n**3 - 7*n**2 - 8*n + 3. Let s be k(8). Let b be (-3)/((-135)/42 + s). What is the highest common factor of 2 and b?
2
Suppose 3*a + 6*a - 252 = 0. What is the greatest common factor of 42 and a?
14
Let r(l) = -l**3 + 3*l**2 - 2*l + 3. Let y be r(4). Let g be (-243)/(-7) - 6/y. Let a = -1 - -6. What is the highest common divisor of g and a?
5
Let s be (-8)/(-28) + (-5)/(-7). Suppose 0 = 3*y - s - 5. Let u be y + -2 + (1 - -1). Calculate the greatest common divisor of u and 8.
2
Suppose -c - 4 = -0*c, -c - 13 = -3*s. Calculate the greatest common factor of s and 27.
3
Let r = -135 - -226. Suppose r = 2*f + 31. What is the highest common divisor of f and 5?
5
Suppose -4*b = -4*m - 72, 5*m - 2*m = 6. Suppose 5*a - k = 36, 0 = -4*a + a + k + b. What is the greatest common factor of 2 and a?
2
Let t(m) = m**2 + 14*m + 11. Let g be t(-13). Let a(d) = 15*d**2 + d + 2. Let v be a(g). What is the greatest common divisor of v and 12?
12
Let l = 95 - 44. Let h = l - 27. Let i be -1 - -4 - (-10)/2. What is the greatest common divisor of h and i?
8
Let o = -13 + 1. Let l = o + 30. Let u be 9*(1/1 + 2). What is the greatest common divisor of l and u?
9
Let y = 160 - 105. What is the greatest common divisor of 5 and y?
5
Suppose -5*n = 2*s - 9, 2*n - 2*s - 18 = 2*s. Suppose -n*j - 1 = -28. What is the greatest common factor of j and 6?
3
Suppose -6*y = -4*y - 52. Suppose -y = -2*b - 6. What is the greatest common divisor of b and 10?
10
Let h(g) = -2*g**3 - g**2. Let v be h(-4). Suppose i = -i + v. Let c = -9 + 16. What is the greatest common factor of i and c?
7
Let c = 71 - 8. Calculate the highest common divisor of c and 9.
9
Let v(s) = -s**2 + 18*s + 1. Let y be v(10). Suppose r = -0*r + 9. Calculate the highest common divisor of r and y.
9
Let p(q) = -q**2 + 8*q + 2. Let t be p(7). Let d be 72/(-4) - 2*1. Let i be 1/(-4) + (-65)/d. What is the highest common divisor of i and t?
3
Suppose -4*r + 2*r = -3*m - 23, -80 = -5*r + 3*m. Calculate the greatest common factor of r and 76.
19
Let r = 43 + -20. Suppose -2*w - 35 = -3. Let c(d) = -d**3 - 17*d**2 - 20*d - 18. Let n be c(w). Calculate the greatest common factor of r and n.
23
Let u(j) = -26*j**2. Let p be u(-4). Let f = -262 - p. What is the highest common divisor of 14 and f?
14
Let k be 14/49 + 52/14. What is the greatest common divisor of k and 32?
4
Suppose r - 4 = 20. Suppose 4*s - 353 = 415. What is the highest common divisor of r and s?
24
Let h = 3 - -1. Suppose 0 = -5*d - 17 + 62. Suppose -55 = -2*b + d. What is the highest common factor of h and b?
4
Let t = 3 + 7. Calculate the highest common divisor of t and 2.
2
Let q = -55 + 73. What is the greatest common divisor of q and 4?
2
Suppose z - 29 = -f, 19 = 3*z + 4. Let q(i) = 3*i**2 - 9*i + 6. Let u be q(6). What is the highest common factor of f and u?
12
Suppose 230 = 5*i - 130. What is the greatest common divisor of 8 and i?
8
Suppose 2*z - 5*z + 87 = 0. Calculate the greatest common divisor of 29 and z.
29
Suppose 0*k + 2*k = 246. Suppose -4*g = -5*c - k, 69 = 3*g - 3*c + 7*c. Let u(b) = -b + 9. Let s be u(6). Calculate the greatest common divisor of g and s.
3
Let h(u) = -u**3 - 3*u**2 + 8*u + 3. Let l be h(-5). Calculate the highest common divisor of l and 65.
13
Suppose -1 = -w + 11. What is the greatest common divisor of 30 and w?
6
Let b(j) = 2*j + 5. Let u be b(-8). Let a = u + 32. Suppose z - 56 = -3*z. What is the highest common divisor of a and z?
7
Let x(d) = -2*d + 9. Let t be x(10). Let p(r) = r**3 + 10*r**2 - 11*r + 12. Let b be p(t). What is the greatest common factor of b and 3?
3
Suppose 12*r - 70 = 7*r. Let h be 670/6 - (-1)/3. What is the greatest common divisor of r and h?
14
Suppose v - 8 = 3*d, d = -4*d - 2*v - 6. Let z be d - 2*14/(-4). Suppose -z - 7 = -f. What is the highest common factor of 48 and f?
12
Suppose -2*u + 28 - 6 = 0. Let r(l) = -18*l - 9. Let y be r(-6). What is the greatest common factor of y and u?
11
Let i = -1 + 0. Let n be (i/1)/(2/(-22)). Let z = -61 - -105. What is the highest common factor of n and z?
11
Let v = 9 - 5. What is the highest common divisor of 40 and v?
4
Let r(c) = c**2 - 9*c + 10. Let n be r(8). Suppose 4 = 5*a - 11. Suppose -n*p + 80 = a*p. What is the greatest common divisor of 16 and p?
16
Let t = 13 - -15. Let r = 20 + -41. Let b = r - -35. Calculate the highest common divisor of b and t.
14
Let b = -34 + 45. Let c(x) = -x**3 + x**2 + 6*x + 1. Suppose -g + 4*g + 3 = -3*z, -9 = 5*z + 4*g. Let u be c(z). What is the greatest common divisor of u and b?
11
Let r(b) be the third derivative of b**4/24 + 2*b**3/3 - 2*b**2. Let q be r(6). Suppose -144 - 16 = -4*m. What is the highest common divisor of q and m?
10
Let k be (-1)/(-2)*(15 + -5). Suppose 0*b = k*b - 25. What is the highest common factor of b and 1?
1
Let w be 3*-12*2/(-18). What is the greatest common divisor of w and 8?
4
Suppose 3*h - 3*j = 21, j